{"id":5579,"date":"2015-11-04T21:46:58","date_gmt":"2015-11-04T20:46:58","guid":{"rendered":"http:\/\/therawell-melle.de\/2016\/?page_id=5579"},"modified":"2016-01-05T16:56:14","modified_gmt":"2016-01-05T15:56:14","slug":"sektorale-heilpraktikerin-der-physiotherapie","status":"publish","type":"page","link":"https:\/\/therawell-melle.de\/2016\/sektorale-heilpraktikerin-der-physiotherapie\/","title":{"rendered":"sekt. Heilpraktikerin der Physiotherapie"},"content":{"rendered":"<div class=\"su-row\">\n<div class=\"su-column su-column-size-1-2\"><div class=\"su-column-inner su-u-clearfix su-u-trim\">\n<h3>Sie haben Beschwerden oder w\u00fcrden gerne die physiotherapeutische Behandlung weiterf\u00fchren?<\/h3>\n<p>Als zugelassene sektorale Heilpraktikerin der Physiotherapie darf ich Heilmethoden OHNE \u00e4rztliche Verordnung ausf\u00fchren. Es d\u00fcrfen allerdings nur die Methoden eingesetzt werden, die ich in meiner Berufsausbildung als Physiotherapeutin erlernt habe. Das bedeutet, dass ich Sie als Patienten annehmen, untersuchen und behandeln darf, auch wenn Sie vorher nicht beim Arzt waren. Au\u00dferdem kann ich, wenn Sie das m\u00f6chten, Ihre Therapie fortf\u00fchren, wenn das \u00e4rztliche Rezept beendet ist.<\/p>\n<\/div><\/div>\n<div class=\"su-column su-column-size-1-2\"><div class=\"su-column-inner su-u-clearfix su-u-trim\">\n<p><span class=\"ewic-scode-block\"><a href=\"http:\/\/therawell-melle.de\/2016\/wp-content\/uploads\/2015\/11\/direktzugang-physiotherapie.png\"  rel=\"lightbox[5579] attachment wp-att-5986\"><img loading=\"lazy\" class=\"alignnone wp-image-5986\" src=\"http:\/\/therawell-melle.de\/2016\/wp-content\/uploads\/2015\/11\/direktzugang-physiotherapie-300x203.png\" alt=\"direktzugang-physiotherapie\" width=\"400\" height=\"271\" srcset=\"https:\/\/therawell-melle.de\/2016\/wp-content\/uploads\/2015\/11\/direktzugang-physiotherapie-300x203.png 300w, https:\/\/therawell-melle.de\/2016\/wp-content\/uploads\/2015\/11\/direktzugang-physiotherapie.png 340w\" sizes=\"(max-width: 400px) 100vw, 400px\" \/><\/a><\/span><\/p>\n<\/div><\/div>\n<\/div>\n<p class=\"contentpane\">\n","protected":false},"excerpt":{"rendered":"","protected":false},"author":1,"featured_media":0,"parent":0,"menu_order":0,"comment_status":"closed","ping_status":"closed","template":"template-fullwidth.php","meta":[],"_links":{"self":[{"href":"https:\/\/therawell-melle.de\/2016\/wp-json\/wp\/v2\/pages\/5579"}],"collection":[{"href":"https:\/\/therawell-melle.de\/2016\/wp-json\/wp\/v2\/pages"}],"about":[{"href":"https:\/\/therawell-melle.de\/2016\/wp-json\/wp\/v2\/types\/page"}],"author":[{"embeddable":true,"href":"https:\/\/therawell-melle.de\/2016\/wp-json\/wp\/v2\/users\/1"}],"replies":[{"embeddable":true,"href":"https:\/\/therawell-melle.de\/2016\/wp-json\/wp\/v2\/comments?post=5579"}],"version-history":[{"count":10,"href":"https:\/\/therawell-melle.de\/2016\/wp-json\/wp\/v2\/pages\/5579\/revisions"}],"predecessor-version":[{"id":6088,"href":"https:\/\/therawell-melle.de\/2016\/wp-json\/wp\/v2\/pages\/5579\/revisions\/6088"}],"wp:attachment":[{"href":"https:\/\/therawell-melle.de\/2016\/wp-json\/wp\/v2\/media?parent=5579"}],"curies":[{"name":"wp","href":"https:\/\/api.w.org\/{rel}","templated":true}]}}