{"id":5727,"date":"2015-11-09T15:11:16","date_gmt":"2015-11-09T14:11:16","guid":{"rendered":"http:\/\/therawell-melle.de\/2016\/?page_id=5727"},"modified":"2016-01-05T16:44:38","modified_gmt":"2016-01-05T15:44:38","slug":"unsere-leistungen","status":"publish","type":"page","link":"https:\/\/therawell-melle.de\/2016\/unsere-leistungen\/","title":{"rendered":"Unsere Leistungen"},"content":{"rendered":"<div class=\"su-row\">\n<div class=\"su-column su-column-size-1-2\"><div class=\"su-column-inner su-u-clearfix su-u-trim\">\n<p>Physiotherapie wird in Pr\u00e4vention, kurativer Medizin und Rehabilitation unterteilt.<\/p>\n<p>Auf der Grundlage einer spezifischen krankengymnastischen Untersuchung wird die Behandlung auf die jeweilige aktuelle\/individuelle Symptomatik des Patienten ausgerichtet. Physikalische Ma\u00dfnahmen wie Massage, W\u00e4rme, K\u00e4lte, Wasseranwendungen und Elektrotherapie werden unterst\u00fctzend und erg\u00e4nzend angewandt. Zur Sicherung des Behandlungserfolges ist die Schulung des Patienten und ggf. seiner Angeh\u00f6rigen in kranheitsgerechtem Verhalten unerl\u00e4sslich.<\/p>\n<p>Unser kompetentes, freundliches Team setzt seine langj\u00e4hrige Erfahrung ein, um einen optimalen Therapieerfolg zu erzielen. Au\u00dferdem bilden wir uns regelm\u00e4\u00dfig fort, um unser Fachkompetenz auszuweiten und Ihnen neue Therapieformen anbieten zu k\u00f6nnen.<\/p>\n<\/div><\/div>\n<div class=\"su-column su-column-size-1-2\"><div class=\"su-column-inner su-u-clearfix su-u-trim\">\n<p><span class=\"ewic-scode-block\"><div class=\"flexslider ewic-slider-lite is_on_\" id=\"ewic-con-60796a0466473106b\"><style>#ewic-con-60796a0466473106b { max-width: 500px;}<\/style><div id=\"preloader-60796a0466473106b\" class=\"sliderpreloader\"><\/div><ul style=\"display:none;\" class=\"slides flexslider-60796a0466473106b\"><li class=\"ewic-slider\"><a href=\"https:\/\/therawell-melle.de\/2016\/wp-content\/uploads\/2016\/01\/Physiotherapie-1.jpg\" title=\"Physiotherapie\"  rel=\"lightbox[6079] ewicprettyPhoto[60796a0466473106b]\"><img title=\"Physiotherapie\" class=\"ewic-wid-imgs\" src=\"https:\/\/therawell-melle.de\/2016\/wp-content\/uploads\/2016\/01\/Physiotherapie-1.jpg\" \/><p class=\"flex-caption\">Physiotherapie<\/p><\/a><\/li><\/ul><script type=\"text\/javascript\">\r\n\tjQuery(document).ready(function($) {\r\n\r\n\t\t$(\"#preloader-60796a0466473106b\").fadeOut(500, function () {\r\n\r\n\t\t\t$(\"#ewic-con-60796a0466473106b\").addClass(\"ready_to_show\");\r\n\r\n\t\t\t$(\"a[rel^='ewicprettyPhoto[60796a0466473106b]']\").ewcPhoto({\r\n\t\t\t\ttheme: \"ewc_default\",\r\n\t\t\t\tallow_expand: false,\r\n\t\t\t\tdeeplinking: false,\r\n\t\t\t\tslideshow:5000,\r\n\t\t\t\tautoplay_slideshow:true,\r\n\t\t\t\tsocial_tools:false\r\n\t\t\t});\r\n\r\n\t\t\t$(\".flexslider-60796a0466473106b\").fadeIn(300);\r\n\r\n\t\t\t$(\"#ewic-con-60796a0466473106b\").flexslider({\r\n\t\t\t\tanimation: \"slide\",\r\n\t\t\t\tanimationSpeed: 0,\r\n\t\t\t\tuseCSS: false,\r\n\t\t\t\teasing: \"easeInQuad\",\r\n\t\t\t\tdirection: \"horizontal\",\r\n\t\t\t\tslideshow: true,\r\n\t\t\t\tsmoothHeight: true,\r\n\t\t\t\tpauseOnHover: true,\r\n\t\t\t\tcontrolNav: false,\r\n\t\t\t\tprevText: \"\",\r\n\t\t\t\tnextText: \"\",\r\n\t\t\t\trtl: false,\r\n\t\t\t\tslideshowSpeed: 5000,\r\n\t\t\t\tstart: function(slider){\r\n\t\t\t\t\t$(\"#ewic-con-60796a0466473106b\").find(\".flex-caption\").hide();\r\n\t\t\t\t\tvar curSlide = slider.find(\"li.flex-active-slide\");\r\n\t\t\t\t\t$(curSlide).find(\".flex-caption\").slideDown();\r\n\t\t\t\t},\r\n\t\t\t\tbefore: function(slider) {\r\n\t\t\t\t\t$(\"#ewic-con-60796a0466473106b\").find(\".flex-caption\").slideUp();\r\n\t\t\t\t},\r\n\t\t\t\tafter: function(slider) {\r\n\t\t\t\t\tvar curSlide = slider.find(\"li.flex-active-slide\");\r\n\t\t\t\t\t$(curSlide).find(\".flex-caption\").slideDown();\r\n\t\t\t\t}\r\n\r\n\t\t\t});\r\n\r\n\t\t});\r\n\r\n\t});\r\n<\/script><\/div>\r\n<\/span><\/p>\n<\/div><\/div><\/div>\n","protected":false},"excerpt":{"rendered":"","protected":false},"author":1,"featured_media":0,"parent":0,"menu_order":0,"comment_status":"closed","ping_status":"closed","template":"template-fullwidth.php","meta":[],"_links":{"self":[{"href":"https:\/\/therawell-melle.de\/2016\/wp-json\/wp\/v2\/pages\/5727"}],"collection":[{"href":"https:\/\/therawell-melle.de\/2016\/wp-json\/wp\/v2\/pages"}],"about":[{"href":"https:\/\/therawell-melle.de\/2016\/wp-json\/wp\/v2\/types\/page"}],"author":[{"embeddable":true,"href":"https:\/\/therawell-melle.de\/2016\/wp-json\/wp\/v2\/users\/1"}],"replies":[{"embeddable":true,"href":"https:\/\/therawell-melle.de\/2016\/wp-json\/wp\/v2\/comments?post=5727"}],"version-history":[{"count":6,"href":"https:\/\/therawell-melle.de\/2016\/wp-json\/wp\/v2\/pages\/5727\/revisions"}],"predecessor-version":[{"id":6080,"href":"https:\/\/therawell-melle.de\/2016\/wp-json\/wp\/v2\/pages\/5727\/revisions\/6080"}],"wp:attachment":[{"href":"https:\/\/therawell-melle.de\/2016\/wp-json\/wp\/v2\/media?parent=5727"}],"curies":[{"name":"wp","href":"https:\/\/api.w.org\/{rel}","templated":true}]}}