{"id":6195,"date":"2019-10-20T11:44:10","date_gmt":"2019-10-20T09:44:10","guid":{"rendered":"http:\/\/therawell-melle.de\/2016\/?page_id=6195"},"modified":"2019-10-20T12:00:44","modified_gmt":"2019-10-20T10:00:44","slug":"wir-suchen-dich","status":"publish","type":"page","link":"https:\/\/therawell-melle.de\/2016\/wir-suchen-dich\/","title":{"rendered":"Wir suchen dich&#8230;"},"content":{"rendered":"\n<div class=\"su-row\">\n<div class=\"su-column su-column-size-1-2\"><div class=\"su-column-inner su-u-clearfix su-u-trim\">\n<h4>Zur Verst\u00e4rkung unseres Team suchen wir zum n\u00e4chstm\u00f6glichen Termin:<\/h4>\n<ul>\n<li>\n<h3>Physiotherapeuten (m\/w\/d)<\/h3>\n<\/li>\n<li>\n<h3>Masseure (m\/w\/d)<\/h3>\n<\/li>\n<\/ul>\n<p>Du hast Spa\u00df an deiner Arbeit, bist ein offener und freundlicher Charakter, m\u00f6chtest dich weiterentwickeln aber auch dein Wissen aktiv einbringen?<\/p>\n<p>Dann bist du bei uns genau richtig!<\/p>\n<p>Bei uns bekommen auch Anf\u00e4nger und Wiedereinsteiger eine Chance!<\/p>\n<p>Dich erwarten bei uns<\/p>\n<ul>\n<li>ein nettes Team<\/li>\n<li>30-Minuten-Takt<\/li>\n<li>ausreichend Organisationszeiten<\/li>\n<li>eine Rezeptionskraft<\/li>\n<li>helle Praxisr\u00e4ume<\/li>\n<li>Bewegungsbad<\/li>\n<li>moderne Trainingsger\u00e4te<\/li>\n<li>Fortbildungen<\/li>\n<li>gemeinsame Aktivit\u00e4ten<\/li>\n<li>und vieles mehr&#8230;<\/li>\n<\/ul>\n<h3>Haben wir dein Interesse geweckt?<\/h3>\n<p>Dann melde dich gleich mit einer aussagekr\u00e4ftigen Bewerbung bei uns&#8230;<\/p>\n<h4>Hast du noch Fragen oder m\u00f6chtest dir pers\u00f6nlich einen Eindruck von uns verschaffen?<br \/>Komm direkt zu uns in der Praxis, ruf uns unter 05422 \/ 958050 oder schreib uns eine E-Mail an <a href=\"mailto:info@therawell-melle.de\">info@therawell-melle.de<\/a><\/h4>\n<\/div><\/div>\n<div class=\"su-column su-column-size-1-2\"><div class=\"su-column-inner su-u-clearfix su-u-trim\">\n<div class=\"flexslider ewic-slider-lite is_on_\" id=\"ewic-con-622369fb2eff9ac59\"><style>#ewic-con-622369fb2eff9ac59 .flex-direction-nav .flex-next, #ewic-con-622369fb2eff9ac59 .flex-direction-nav .flex-prev {opacity: 1;} #ewic-con-622369fb2eff9ac59 .flex-direction-nav .flex-next {right: 10px !important; text-align: right !important;} #ewic-con-622369fb2eff9ac59 .flex-direction-nav .flex-prev {left: 10px !important;}<\/style><div id=\"preloader-622369fb2eff9ac59\" class=\"sliderpreloader\"><\/div><ul style=\"display:none;\" class=\"slides flexslider-622369fb2eff9ac59\"><li class=\"ewic-slider\"><a href=\"https:\/\/therawell-melle.de\/2016\/wp-content\/uploads\/2016\/01\/Behandlungsraum-1.jpg\" title=\"Behandlungsraum\"  rel=\"lightbox[6223] ewicprettyPhoto[622369fb2eff9ac59]\"><img title=\"Behandlungsraum\" class=\"ewic-wid-imgs\" src=\"https:\/\/therawell-melle.de\/2016\/wp-content\/uploads\/2016\/01\/Behandlungsraum-1.jpg\" \/><p class=\"flex-caption\">Behandlungsraum<\/p><\/a><\/li><li class=\"ewic-slider\"><a href=\"https:\/\/therawell-melle.de\/2016\/wp-content\/uploads\/2015\/11\/bewegungsbad_1920x950px.jpg\" title=\"Bewegungsbad\"  rel=\"lightbox[6223] ewicprettyPhoto[622369fb2eff9ac59]\"><img title=\"Bewegungsbad\" class=\"ewic-wid-imgs\" src=\"https:\/\/therawell-melle.de\/2016\/wp-content\/uploads\/2015\/11\/bewegungsbad_1920x950px.jpg\" \/><p class=\"flex-caption\">Bewegungsbad<\/p><\/a><\/li><li class=\"ewic-slider\"><a href=\"https:\/\/therawell-melle.de\/2016\/wp-content\/uploads\/2016\/01\/Wellness_05.jpg\" title=\"Wellnessraum\"  rel=\"lightbox[6223] ewicprettyPhoto[622369fb2eff9ac59]\"><img title=\"Wellnessraum\" class=\"ewic-wid-imgs\" src=\"https:\/\/therawell-melle.de\/2016\/wp-content\/uploads\/2016\/01\/Wellness_05.jpg\" \/><p class=\"flex-caption\">Wellnessraum<\/p><\/a><\/li><li class=\"ewic-slider\"><a href=\"https:\/\/therawell-melle.de\/2016\/wp-content\/uploads\/2016\/01\/Gymnastikraum.jpg\" title=\"Gymnastikraum\"  rel=\"lightbox[6223] ewicprettyPhoto[622369fb2eff9ac59]\"><img title=\"Gymnastikraum\" class=\"ewic-wid-imgs\" src=\"https:\/\/therawell-melle.de\/2016\/wp-content\/uploads\/2016\/01\/Gymnastikraum.jpg\" \/><p class=\"flex-caption\">Gymnastikraum<\/p><\/a><\/li><li class=\"ewic-slider\"><a href=\"https:\/\/therawell-melle.de\/2016\/wp-content\/uploads\/2016\/01\/Ger\u00e4teraum-2.jpg\" title=\"Ger\u00e4teraum\"  rel=\"lightbox[6223] ewicprettyPhoto[622369fb2eff9ac59]\"><img title=\"Ger\u00e4teraum\" class=\"ewic-wid-imgs\" src=\"https:\/\/therawell-melle.de\/2016\/wp-content\/uploads\/2016\/01\/Ger\u00e4teraum-2.jpg\" \/><p class=\"flex-caption\">Ger\u00e4teraum<\/p><\/a><\/li><\/ul><script type=\"text\/javascript\">\r\n\tjQuery(document).ready(function($) {\r\n\r\n\t\t$(\"#preloader-622369fb2eff9ac59\").fadeOut(500, function () {\r\n\r\n\t\t\t$(\"#ewic-con-622369fb2eff9ac59\").addClass(\"ready_to_show\");\r\n\r\n\t\t\t$(\"a[rel^='ewicprettyPhoto[622369fb2eff9ac59]']\").ewcPhoto({\r\n\t\t\t\ttheme: \"ewc_default\",\r\n\t\t\t\tallow_expand: false,\r\n\t\t\t\tdeeplinking: false,\r\n\t\t\t\tslideshow:5000,\r\n\t\t\t\tautoplay_slideshow:true,\r\n\t\t\t\tsocial_tools:false\r\n\t\t\t});\r\n\r\n\t\t\t$(\".flexslider-622369fb2eff9ac59\").fadeIn(300);\r\n\r\n\t\t\t$(\"#ewic-con-622369fb2eff9ac59\").flexslider({\r\n\t\t\t\tanimation: \"slide\",\r\n\t\t\t\tanimationSpeed: 0,\r\n\t\t\t\tuseCSS: false,\r\n\t\t\t\teasing: \"easeInQuad\",\r\n\t\t\t\tdirection: \"horizontal\",\r\n\t\t\t\tslideshow: true,\r\n\t\t\t\tsmoothHeight: true,\r\n\t\t\t\tpauseOnHover: true,\r\n\t\t\t\tcontrolNav: false,\r\n\t\t\t\tprevText: \"\",\r\n\t\t\t\tnextText: \"\",\r\n\t\t\t\trtl: false,\r\n\t\t\t\tslideshowSpeed: 5000,\r\n\t\t\t\tstart: function(slider){\r\n\t\t\t\t\t$(\"#ewic-con-622369fb2eff9ac59\").find(\".flex-caption\").hide();\r\n\t\t\t\t\tvar curSlide = slider.find(\"li.flex-active-slide\");\r\n\t\t\t\t\t$(curSlide).find(\".flex-caption\").slideDown();\r\n\t\t\t\t},\r\n\t\t\t\tbefore: function(slider) {\r\n\t\t\t\t\t$(\"#ewic-con-622369fb2eff9ac59\").find(\".flex-caption\").slideUp();\r\n\t\t\t\t},\r\n\t\t\t\tafter: function(slider) {\r\n\t\t\t\t\tvar curSlide = slider.find(\"li.flex-active-slide\");\r\n\t\t\t\t\t$(curSlide).find(\".flex-caption\").slideDown();\r\n\t\t\t\t}\r\n\r\n\t\t\t});\r\n\r\n\t\t});\r\n\r\n\t});\r\n<\/script><\/div>\r\n\n<\/div><\/div>\n<\/div>\n","protected":false},"excerpt":{"rendered":"","protected":false},"author":1,"featured_media":5594,"parent":0,"menu_order":0,"comment_status":"closed","ping_status":"closed","template":"","meta":[],"_links":{"self":[{"href":"https:\/\/therawell-melle.de\/2016\/wp-json\/wp\/v2\/pages\/6195"}],"collection":[{"href":"https:\/\/therawell-melle.de\/2016\/wp-json\/wp\/v2\/pages"}],"about":[{"href":"https:\/\/therawell-melle.de\/2016\/wp-json\/wp\/v2\/types\/page"}],"author":[{"embeddable":true,"href":"https:\/\/therawell-melle.de\/2016\/wp-json\/wp\/v2\/users\/1"}],"replies":[{"embeddable":true,"href":"https:\/\/therawell-melle.de\/2016\/wp-json\/wp\/v2\/comments?post=6195"}],"version-history":[{"count":10,"href":"https:\/\/therawell-melle.de\/2016\/wp-json\/wp\/v2\/pages\/6195\/revisions"}],"predecessor-version":[{"id":6245,"href":"https:\/\/therawell-melle.de\/2016\/wp-json\/wp\/v2\/pages\/6195\/revisions\/6245"}],"wp:featuredmedia":[{"embeddable":true,"href":"https:\/\/therawell-melle.de\/2016\/wp-json\/wp\/v2\/media\/5594"}],"wp:attachment":[{"href":"https:\/\/therawell-melle.de\/2016\/wp-json\/wp\/v2\/media?parent=6195"}],"curies":[{"name":"wp","href":"https:\/\/api.w.org\/{rel}","templated":true}]}}